{"id":2,"date":"2012-05-08T21:27:28","date_gmt":"2012-05-08T21:27:28","guid":{"rendered":"http:\/\/mozirje.info\/duomix2012\/?page_id=2"},"modified":"2024-07-22T18:50:11","modified_gmt":"2024-07-22T16:50:11","slug":"zasedba","status":"publish","type":"page","link":"http:\/\/mozirje.info\/duomix2012\/zasedba\/","title":{"rendered":"O ZASEDBI"},"content":{"rendered":"<p><strong>O na\u0161i zasedbi<\/strong><\/p>\n<p>Glasbena zasedba DUO MIX deluje od leta 1996. Za zasedbo se je zvrstilo \u017ee precej preko 1300 nastopov, zabav in drugih glasbenih prireditev na katerih smo sodelovali.<\/p>\n<p>Zasedba sama deluje kot <strong>DUO<\/strong> ali <strong>TRIO<\/strong> in s tem dajemo mo\u017enost izbire zvrsti glasbe, kot tudi ugodno cenovno razliko svojih uslug.<\/p>\n<p>Pester in kvalitetno izveden program nas uvr\u0161\u010da v sam vrh slovenskih amaterskih komercialnih glasbenih zasedb in skupin.<br \/>\nZaradi SHOW programa lahko poleg kvalitetnega igranja in petja ponudimo tudi izvrstno zabavo na podro\u010dju raznih domiselnih iger, ske\u010dev in \u0161al. Zaradi tega smo priljubljeni tudi pri dogodkih kot so poroke, zabave za rojstne dneve in nenazadnje tudi na komercialnih igranjih doma in drugod.<\/p>\n<blockquote><p><strong><em>Glasbeno zasedbo DUO MIX sestavljava:<\/em><\/strong><\/p>\n<ul>\n<li><strong>Damjan \u017dvipelj<\/strong> (glavni vokal, klaviature, kitara, bas kitara, trobenta, bariton&#8230;)<\/li>\n<li><strong>Marcel Ugov\u0161ek<\/strong> (ritem, solo kitara, vokal)<\/li>\n<\/ul>\n<p>ali<\/p>\n<ul>\n<li><strong>Slavko Bojnec<\/strong> (ritem, solo kitara, vokal)<\/li>\n<\/ul>\n<p>K sodelovanju pa povabimo tudi osebe, s katerimi sodelujemo v zasedbi <strong>TRIO:<\/strong><\/p>\n<ul>\n<li><strong>Nejc Klemen\u0161ek<\/strong> (diatoni\u010dna harmonika-frajtonarica, klavirska harmonika, vokal)<\/li>\n<li><strong>Tilen Mla\u010dnik <\/strong>(diatoni\u010dna harmonika-frajtonarica, vokal)<\/li>\n<li><strong>Milena Praznik<\/strong> (diatoni\u010dna harmonika-frajtonarica, vokal, bas kitara)<\/li>\n<\/ul>\n<\/blockquote>\n<p>Prav tako na\u0161a glasbena zasedba sodeluje z drugimi glasbeniki iz Zg. Savinjske doline od drugot, s tem pa krepimo svoje izku\u0161nje na podro\u010dju glasbene ustvarjalnosti.<\/p>\n<p><strong>V preteklosti smo sodelovali, igrali in se skupaj veselil tudi z:<\/strong><\/p>\n<ul>\n<li>David Zavolov\u0161ek &#8211; ritem in solo kitara, vokal<\/li>\n<li>Borut Zavolov\u0161ek &#8211; ritem kitara, vokal<\/li>\n<li>Miha Belaj &#8211; diatoni\u010dna harmonika<\/li>\n<li>Ga\u0161per Belaj &#8211; diatoni\u010dna harmonika<\/li>\n<li>Jani Kortnik &#8211; ritem kitara, vokal<\/li>\n<li>Primo\u017e Zvir &#8211; diatoni\u010dna harmonika<\/li>\n<li>Toma\u017e Podlesnik &#8211; diatoni\u010dna harmonika, bariton, bas kitara<\/li>\n<li>Matija Venin\u0161ek &#8211; diatoni\u010dna in klavirska harmonika<\/li>\n<li>Zvonko Krumpa\u010dnik &#8211; diatoni\u010dna harmonika<\/li>\n<li>Podlesnik Bernarda &#8211; diatoni\u010dna harmonika<\/li>\n<li>Ambro\u017e Ugov\u0161ek &#8211; diatoni\u010dna harmonika, vokal, bas kitara<\/li>\n<li>Toma\u017e Dobrovc &#8211; kitara, vokal<\/li>\n<\/ul>\n<p>Za vse ostale informacije lahko kontaktirate:<\/p>\n<blockquote><p><strong>Damjan \u017dvipelj<\/strong><br \/>\ntel.: <strong>070\/833-228<\/strong><\/p><\/blockquote>\n<p>ali pa nam pi\u0161ete na elektronski naslov: <a title=\"DUO MIX EMAIL\" href=\"mailto:duomix@mozirje.info\" target=\"_blank\" rel=\"noopener noreferrer\">DUO MIX<\/a><\/p>\n","protected":false},"excerpt":{"rendered":"<p>O na\u0161i zasedbi Glasbena zasedba DUO MIX deluje od leta 1996. Za zasedbo se je zvrstilo \u017ee precej preko 1300 [&hellip;]<\/p>\n","protected":false},"author":1,"featured_media":582,"parent":0,"menu_order":0,"comment_status":"closed","ping_status":"open","template":"","meta":{"om_disable_all_campaigns":false,"_monsterinsights_skip_tracking":false,"_monsterinsights_sitenote_active":false,"_monsterinsights_sitenote_note":"","_monsterinsights_sitenote_category":0,"ngg_post_thumbnail":0,"footnotes":""},"class_list":["post-2","page","type-page","status-publish","has-post-thumbnail","hentry"],"aioseo_notices":[],"_links":{"self":[{"href":"http:\/\/mozirje.info\/duomix2012\/wp-json\/wp\/v2\/pages\/2","targetHints":{"allow":["GET"]}}],"collection":[{"href":"http:\/\/mozirje.info\/duomix2012\/wp-json\/wp\/v2\/pages"}],"about":[{"href":"http:\/\/mozirje.info\/duomix2012\/wp-json\/wp\/v2\/types\/page"}],"author":[{"embeddable":true,"href":"http:\/\/mozirje.info\/duomix2012\/wp-json\/wp\/v2\/users\/1"}],"replies":[{"embeddable":true,"href":"http:\/\/mozirje.info\/duomix2012\/wp-json\/wp\/v2\/comments?post=2"}],"version-history":[{"count":26,"href":"http:\/\/mozirje.info\/duomix2012\/wp-json\/wp\/v2\/pages\/2\/revisions"}],"predecessor-version":[{"id":872,"href":"http:\/\/mozirje.info\/duomix2012\/wp-json\/wp\/v2\/pages\/2\/revisions\/872"}],"wp:featuredmedia":[{"embeddable":true,"href":"http:\/\/mozirje.info\/duomix2012\/wp-json\/wp\/v2\/media\/582"}],"wp:attachment":[{"href":"http:\/\/mozirje.info\/duomix2012\/wp-json\/wp\/v2\/media?parent=2"}],"curies":[{"name":"wp","href":"https:\/\/api.w.org\/{rel}","templated":true}]}}