{"id":27,"date":"2012-05-09T22:05:44","date_gmt":"2012-05-09T22:05:44","guid":{"rendered":"http:\/\/mozirje.info\/duomix2012\/?page_id=27"},"modified":"2022-05-23T21:54:14","modified_gmt":"2022-05-23T19:54:14","slug":"kontakt","status":"publish","type":"page","link":"http:\/\/mozirje.info\/duomix2012\/kontakt\/","title":{"rendered":"KONTAKT"},"content":{"rendered":"<p><strong>POKLI\u010cITE NAS NA<\/strong> : <span style=\"color: #ff0000;\"><em><strong>070 833 228<\/strong><\/em><\/span> ali pa uporabite spodnji kontaktni obrazec, da nam po\u0161ljete povpra\u0161evanje na <a href=\"mailto:duomix@mozirje.info\">elektronsko po\u0161to<\/a>.<\/p>\n<p>Hvala!<\/p>\n<p>&nbsp;<\/p>\n\n<div class=\"wpcf7 no-js\" id=\"wpcf7-f50-o1\" lang=\"en-US\" dir=\"ltr\" data-wpcf7-id=\"50\">\n<div class=\"screen-reader-response\"><p role=\"status\" aria-live=\"polite\" aria-atomic=\"true\"><\/p> <ul><\/ul><\/div>\n<form action=\"\/duomix2012\/wp-json\/wp\/v2\/pages\/27#wpcf7-f50-o1\" method=\"post\" class=\"wpcf7-form init\" aria-label=\"Contact form\" novalidate=\"novalidate\" data-status=\"init\">\n<fieldset class=\"hidden-fields-container\"><input type=\"hidden\" name=\"_wpcf7\" value=\"50\" \/><input type=\"hidden\" name=\"_wpcf7_version\" value=\"6.1.5\" \/><input type=\"hidden\" name=\"_wpcf7_locale\" value=\"en_US\" \/><input type=\"hidden\" name=\"_wpcf7_unit_tag\" value=\"wpcf7-f50-o1\" \/><input type=\"hidden\" name=\"_wpcf7_container_post\" value=\"0\" \/><input type=\"hidden\" name=\"_wpcf7_posted_data_hash\" value=\"\" \/>\n<\/fieldset>\n<p>Ime in priimek: (obvezno)\n<\/p>\n<p><span class=\"wpcf7-form-control-wrap\" data-name=\"your-name\"><input size=\"40\" maxlength=\"400\" class=\"wpcf7-form-control wpcf7-text wpcf7-validates-as-required\" aria-required=\"true\" aria-invalid=\"false\" value=\"\" type=\"text\" name=\"your-name\" \/><\/span>\n<\/p>\n<p>E-po\u0161ta: (obvezno)\n<\/p>\n<p><span class=\"wpcf7-form-control-wrap\" data-name=\"your-email\"><input size=\"40\" maxlength=\"400\" class=\"wpcf7-form-control wpcf7-email wpcf7-validates-as-required wpcf7-text wpcf7-validates-as-email\" aria-required=\"true\" aria-invalid=\"false\" value=\"\" type=\"email\" name=\"your-email\" \/><\/span>\n<\/p>\n<p>Naslov sporo\u010dila:\n<\/p>\n<p><span class=\"wpcf7-form-control-wrap\" data-name=\"your-subject\"><input size=\"40\" maxlength=\"400\" class=\"wpcf7-form-control wpcf7-text\" aria-invalid=\"false\" value=\"\" type=\"text\" name=\"your-subject\" \/><\/span>\n<\/p>\n<p>Vsebina sporo\u010dila:\n<\/p>\n<p><span class=\"wpcf7-form-control-wrap\" data-name=\"your-message\"><textarea cols=\"40\" rows=\"10\" maxlength=\"2000\" class=\"wpcf7-form-control wpcf7-textarea\" aria-invalid=\"false\" name=\"your-message\"><\/textarea><\/span>\n<\/p>\n<p>Preverjanje pristnosti (pod oken\u010dek prepi\u0161i, kar vidi\u0161 na sliki):\n<\/p>\n<p><input type=\"hidden\" name=\"_wpcf7_captcha_challenge_captcha-209\" value=\"303104878\" \/><img decoding=\"async\" class=\"wpcf7-form-control wpcf7-captchac wpcf7-captcha-captcha-209\" width=\"72\" height=\"24\" alt=\"captcha\" src=\"http:\/\/mozirje.info\/duomix2012\/wp-content\/uploads\/wpcf7_captcha\/303104878.png\" \/><br \/>\n<span class=\"wpcf7-form-control-wrap\" data-name=\"captcha-209\"><input size=\"40\" class=\"wpcf7-form-control wpcf7-captchar\" autocomplete=\"off\" aria-invalid=\"false\" value=\"\" type=\"text\" name=\"captcha-209\" \/><\/span>\n<\/p>\n<p><input class=\"wpcf7-form-control wpcf7-submit has-spinner\" type=\"submit\" value=\"Po\u0161lji\" \/>\n<\/p><p style=\"display: none !important;\" class=\"akismet-fields-container\" data-prefix=\"_wpcf7_ak_\"><label>&#916;<textarea name=\"_wpcf7_ak_hp_textarea\" cols=\"45\" rows=\"8\" maxlength=\"100\"><\/textarea><\/label><input type=\"hidden\" id=\"ak_js_1\" name=\"_wpcf7_ak_js\" value=\"47\"\/><script>document.getElementById( \"ak_js_1\" ).setAttribute( \"value\", ( new Date() ).getTime() );<\/script><\/p><div class=\"wpcf7-response-output\" aria-hidden=\"true\"><\/div>\n<\/form>\n<\/div>\n\n","protected":false},"excerpt":{"rendered":"<p>POKLI\u010cITE NAS NA : 070 833 228 ali pa uporabite spodnji kontaktni obrazec, da nam po\u0161ljete povpra\u0161evanje na elektronsko po\u0161to. [&hellip;]<\/p>\n","protected":false},"author":1,"featured_media":440,"parent":0,"menu_order":5,"comment_status":"closed","ping_status":"open","template":"","meta":{"om_disable_all_campaigns":false,"_monsterinsights_skip_tracking":false,"_monsterinsights_sitenote_active":false,"_monsterinsights_sitenote_note":"","_monsterinsights_sitenote_category":0,"ngg_post_thumbnail":0,"footnotes":""},"class_list":["post-27","page","type-page","status-publish","has-post-thumbnail","hentry"],"aioseo_notices":[],"_links":{"self":[{"href":"http:\/\/mozirje.info\/duomix2012\/wp-json\/wp\/v2\/pages\/27","targetHints":{"allow":["GET"]}}],"collection":[{"href":"http:\/\/mozirje.info\/duomix2012\/wp-json\/wp\/v2\/pages"}],"about":[{"href":"http:\/\/mozirje.info\/duomix2012\/wp-json\/wp\/v2\/types\/page"}],"author":[{"embeddable":true,"href":"http:\/\/mozirje.info\/duomix2012\/wp-json\/wp\/v2\/users\/1"}],"replies":[{"embeddable":true,"href":"http:\/\/mozirje.info\/duomix2012\/wp-json\/wp\/v2\/comments?post=27"}],"version-history":[{"count":7,"href":"http:\/\/mozirje.info\/duomix2012\/wp-json\/wp\/v2\/pages\/27\/revisions"}],"predecessor-version":[{"id":225,"href":"http:\/\/mozirje.info\/duomix2012\/wp-json\/wp\/v2\/pages\/27\/revisions\/225"}],"wp:featuredmedia":[{"embeddable":true,"href":"http:\/\/mozirje.info\/duomix2012\/wp-json\/wp\/v2\/media\/440"}],"wp:attachment":[{"href":"http:\/\/mozirje.info\/duomix2012\/wp-json\/wp\/v2\/media?parent=27"}],"curies":[{"name":"wp","href":"https:\/\/api.w.org\/{rel}","templated":true}]}}