{"id":156,"date":"2013-07-14T22:19:03","date_gmt":"2013-07-14T20:19:03","guid":{"rendered":"http:\/\/mozirje.info\/mozirje\/?page_id=156"},"modified":"2017-08-10T18:03:07","modified_gmt":"2017-08-10T16:03:07","slug":"turizem","status":"publish","type":"page","link":"https:\/\/mozirje.info\/mozirje\/informacije\/turizem\/","title":{"rendered":"TURIZEM"},"content":{"rendered":"<h1>&nbsp;<\/h1>\n<table style=\"width: 620px; height: 85px;\" border=\"0\">\n<tbody>\n<tr>\n<td>&nbsp;<\/td>\n<td>&nbsp;<\/td>\n<\/tr>\n<tr>\n<td><strong>Turisti\u010dno dru\u0161tvo Mozirje<\/strong><br \/>\nHribernikova 1<br \/>\n3330 Mozirje<br \/>\nTel: 03 839 04 12<br \/>\ne-mail:drustvo.mozirje@amis.net<\/td>\n<td><strong>Turisti\u010dno dru\u0161tvo Mozirje<\/strong><br \/>\nHribernikova 1<br \/>\n3330 Mozirje<br \/>\nTel: 03 839 04 12<br \/>\ne-mail:drustvo.mozirje@amis.net<\/td>\n<\/tr>\n<tr>\n<td>&nbsp;<\/td>\n<td>&nbsp;<\/td>\n<\/tr>\n<\/tbody>\n<\/table>\n<h1>&nbsp;<\/h1>\n<h2><b>Aktivnosti<\/b><\/h2>\n<p><b>RIBOLOV<\/b><br \/>\nRibolov je mogo\u010d v pore\u010dju reke Savinje, \u0161e posebno zanimiv pa je ribolov v ribniku pred vstopov v Mozirski gaj. Na trnek je mogo\u010de ujeti kar nekaj avtohtonih ribjih vrst, kot so poto\u010dna postrv ali poto\u010dnica, sulec, lipan, klen in mrena.<\/p>\n<p>RIBI\u0160KI DOM MOZIRJE<br \/>\nTelefon: (0)3\/ 839 04 15<br \/>\nGSM: (0)31\/ 642 882<br \/>\n\u017dunter Du\u0161an (GSM: 041\/ 735 143)<\/p>\n<p><b>POHODNI\u0160TVO IN PLANINARJENJE<\/b><\/p>\n<p>Mozirje z zaledjem omogo\u010da kar nekaj lepih pohodni\u0161kih in planinskih izhodi\u0161\u010d in ciljev. Najpomembnej\u0161a med njimi je seveda planota Golte, ki ponuja obilo naravnih lepot. Najpogostej\u0161i cilj je Mozirska ko\u010da na Goli\u010dki planini, od koder se lahko odpravite naprej na Boskovec (1587 m), Ojstri vrh (1584 m), Medvedjak (1563 m) in Smrekovec (1577 m). Od planote Golte pa potekajo mnoge poti \u0161e na ostale okoli\u0161ke planote, kot so Komen, Smrekovec, Raduha,\u2026). Z vseh vrhov je lep razgled na Savinjsko dolino, Savinjske Alpe in vzhodne Karavanke. Mimo Mozirja proti Dobrovljam in naprej proti \u010creti in Menini, pa poteka tudi evropska pe\u0161pot E6.<\/p>\n<p><b>SMU\u010cANJE<\/b><\/p>\n<p>Smu\u010danje je mogo\u010de na urejenih smu\u010di\u0161\u010dih RTC Golte, kamor vas popelje gondolska \u017ei\u010dnica iz zaselka \u017dekovec. Zgornja postaja gondolske \u017ei\u010dnice je na planini Medvedjak, 1410 m visoko, od koder so speljane sede\u017enice na okoli\u0161ka smu\u010di\u0161\u010da. Smu\u010danje je mogo\u010de na \u0161estih lokacijah: \u017dekovec, Medvedjak, Smrekovec, Stari stani, Ro\u010dka ter Morava in 17 smu\u010darskih progah, ki se razprostirajo na povr\u0161ini 45 ha.<\/p>\n<p>GOLTE d.o.o.<br \/>\nRadegunda 19 c, 3330 Mozirje<br \/>\nTelefon: (0)3\/ 839 12 00 in faks: (0)3\/ 839 12 18<br \/>\ne-mail: info@golte.si<\/p>\n<blockquote class=\"wp-embedded-content\" data-secret=\"5DypjaK2PI\"><p><a href=\"https:\/\/www.golte.si\/\">POLETJE<\/a><\/p><\/blockquote>\n<p><iframe class=\"wp-embedded-content\" sandbox=\"allow-scripts\" security=\"restricted\" style=\"position: absolute; clip: rect(1px, 1px, 1px, 1px);\" title=\"&#8220;POLETJE&#8221; &#8212; Golte\" src=\"https:\/\/www.golte.si\/embed\/#?secret=wrQ08ldSEX#?secret=5DypjaK2PI\" data-secret=\"5DypjaK2PI\" width=\"600\" height=\"338\" frameborder=\"0\" marginwidth=\"0\" marginheight=\"0\" scrolling=\"no\"><\/iframe><\/p>\n<p><b>FITNES<\/b><br \/>\nFitnes je mogo\u010d na turisti\u010dni kmetiji Koro\u0161ec v Ljubiji.<\/p>\n<p>TK KORO\u0160EC<br \/>\nReber\u010dnik Ur\u0161ka<br \/>\nLjubija 5, 3330 Mozirje<br \/>\nTelefon: (0)3\/ 583 11 22 in faks: (0)3\/ 839 01 23<br \/>\nGSM: (0)31\/ 619 634 in (0)41\/ 619 634<br \/>\ne-mail: korosec.rebercnik@siol.net<\/p>\n<blockquote class=\"wp-embedded-content\" data-secret=\"CLs2Gbn0EC\"><p><a href=\"https:\/\/www.turizemkorosec.com\/\">Domov<\/a><\/p><\/blockquote>\n<p><iframe class=\"wp-embedded-content\" sandbox=\"allow-scripts\" security=\"restricted\" style=\"position: absolute; clip: rect(1px, 1px, 1px, 1px);\" title=\"&#8220;Domov&#8221; &#8212; Turizem Koro\u0161ec\" src=\"https:\/\/www.turizemkorosec.com\/embed\/#?secret=aaAssTWLm7#?secret=CLs2Gbn0EC\" data-secret=\"CLs2Gbn0EC\" width=\"600\" height=\"338\" frameborder=\"0\" marginwidth=\"0\" marginheight=\"0\" scrolling=\"no\"><\/iframe><\/p>\n<p><b>SAVNA<\/b><br \/>\nSavna je urejena na turisti\u010dni kmetiji Koro\u0161ec v Ljubiji.<\/p>\n<p>TK KORO\u0160EC<br \/>\nReber\u010dnik Ur\u0161ka<br \/>\nLjubija 5, 3330 Mozirje<br \/>\nTelefon: (0)3\/ 583 11 22 in faks: (0)3\/ 839 01 23<br \/>\nGSM: (0)31\/ 619 634 in (0)41\/ 619 634<br \/>\ne-mail: korosec.rebercnik@siol.net<\/p>\n<blockquote class=\"wp-embedded-content\" data-secret=\"CLs2Gbn0EC\"><p><a href=\"https:\/\/www.turizemkorosec.com\/\">Domov<\/a><\/p><\/blockquote>\n<p><iframe class=\"wp-embedded-content\" sandbox=\"allow-scripts\" security=\"restricted\" style=\"position: absolute; clip: rect(1px, 1px, 1px, 1px);\" title=\"&#8220;Domov&#8221; &#8212; Turizem Koro\u0161ec\" src=\"https:\/\/www.turizemkorosec.com\/embed\/#?secret=aaAssTWLm7#?secret=CLs2Gbn0EC\" data-secret=\"CLs2Gbn0EC\" width=\"600\" height=\"338\" frameborder=\"0\" marginwidth=\"0\" marginheight=\"0\" scrolling=\"no\"><\/iframe><\/p>\n<p><b>SOLARIJ<\/b><br \/>\nSon\u010denje v solariju je mogo\u010de na turisti\u010dni kmetiji Koro\u0161ec v Ljubiji.<\/p>\n<p>TK KORO\u0160EC<br \/>\nReber\u010dnik Ur\u0161ka<br \/>\nLjubija 5, 3330 Mozirje<br \/>\nTelefon: (0)3\/ 583 11 22 in faks: (0)3\/ 839 01 23<br \/>\nGSM: (0)31\/ 619 634 in (0)41\/ 619 634<br \/>\ne-mail: korosec.rebercnik@siol.net<\/p>\n<blockquote class=\"wp-embedded-content\" data-secret=\"CLs2Gbn0EC\"><p><a href=\"https:\/\/www.turizemkorosec.com\/\">Domov<\/a><\/p><\/blockquote>\n<p><iframe class=\"wp-embedded-content\" sandbox=\"allow-scripts\" security=\"restricted\" style=\"position: absolute; clip: rect(1px, 1px, 1px, 1px);\" title=\"&#8220;Domov&#8221; &#8212; Turizem Koro\u0161ec\" src=\"https:\/\/www.turizemkorosec.com\/embed\/#?secret=aaAssTWLm7#?secret=CLs2Gbn0EC\" data-secret=\"CLs2Gbn0EC\" width=\"600\" height=\"338\" frameborder=\"0\" marginwidth=\"0\" marginheight=\"0\" scrolling=\"no\"><\/iframe><\/p>\n<p><b>TENIS<\/b><br \/>\nTeni\u0161ka igri\u0161\u010da so urejena v kraju Ljubija, kjer ponujajo tudi pozimi dva pokrita igri\u0161\u010da.<\/p>\n<p>MELAVC<br \/>\nLjubija 33, 3330 Mozirje<br \/>\nTelefon\/faks: (0)3\/ 839 48 08<\/p>\n<p><b>JE\u017dA KONJ IN VO\u017dNJA S KO\u010cIJO<\/b><br \/>\nJe\u017ea in vo\u017enja s ko\u010dijami je mogo\u010da na turisti\u010dni kmetiji Levc v Lokah pri Mozirju.<\/p>\n<p>TK LEVC<br \/>\nAnton Puncer<br \/>\nLoke 19, 3330 Mozirje<br \/>\nTelefon: (0)3\/ 839 53 60<br \/>\nGSM: (0)31\/ 738 399<br \/>\ne-mail: tklevc@gmail.com<br \/>\nhttp:\/\/www.turisticna-kmetija-levc.com<\/p>\n<p><b>Lov na visoko divjad<\/b><br \/>\nIzvajalec: Lovska dru\u017eina Mozirje<br \/>\nInfo: 031\/642-618<\/p>\n","protected":false},"excerpt":{"rendered":"<p>&nbsp; &nbsp; &nbsp; Turisti\u010dno dru\u0161tvo Mozirje Hribernikova 1 3330 Mozirje Tel: 03 839 04 12 e-mail:drustvo.mozirje@amis.net Turisti\u010dno dru\u0161tvo Mozirje Hribernikova 1 3330 Mozirje Tel: 03 839 04 12 e-mail:drustvo.mozirje@amis.net &nbsp; &nbsp; &nbsp; Aktivnosti RIBOLOV Ribolov je mogo\u010d v pore\u010dju reke Savinje, \u0161e posebno zanimiv pa je ribolov v ribniku pred vstopov v Mozirski gaj. Na [&hellip;]<\/p>\n","protected":false},"author":1,"featured_media":0,"parent":2,"menu_order":0,"comment_status":"open","ping_status":"closed","template":"","meta":{"footnotes":""},"class_list":["post-156","page","type-page","status-publish","hentry"],"aioseo_notices":[],"_links":{"self":[{"href":"https:\/\/mozirje.info\/mozirje\/wp-json\/wp\/v2\/pages\/156","targetHints":{"allow":["GET"]}}],"collection":[{"href":"https:\/\/mozirje.info\/mozirje\/wp-json\/wp\/v2\/pages"}],"about":[{"href":"https:\/\/mozirje.info\/mozirje\/wp-json\/wp\/v2\/types\/page"}],"author":[{"embeddable":true,"href":"https:\/\/mozirje.info\/mozirje\/wp-json\/wp\/v2\/users\/1"}],"replies":[{"embeddable":true,"href":"https:\/\/mozirje.info\/mozirje\/wp-json\/wp\/v2\/comments?post=156"}],"version-history":[{"count":12,"href":"https:\/\/mozirje.info\/mozirje\/wp-json\/wp\/v2\/pages\/156\/revisions"}],"predecessor-version":[{"id":1679,"href":"https:\/\/mozirje.info\/mozirje\/wp-json\/wp\/v2\/pages\/156\/revisions\/1679"}],"up":[{"embeddable":true,"href":"https:\/\/mozirje.info\/mozirje\/wp-json\/wp\/v2\/pages\/2"}],"wp:attachment":[{"href":"https:\/\/mozirje.info\/mozirje\/wp-json\/wp\/v2\/media?parent=156"}],"curies":[{"name":"wp","href":"https:\/\/api.w.org\/{rel}","templated":true}]}}