{"id":167,"date":"2013-07-14T22:22:35","date_gmt":"2013-07-14T20:22:35","guid":{"rendered":"http:\/\/mozirje.info\/mozirje\/?page_id=167"},"modified":"2013-07-24T22:02:05","modified_gmt":"2013-07-24T20:02:05","slug":"znamenitosti","status":"publish","type":"page","link":"https:\/\/mozirje.info\/mozirje\/informacije\/znamenitosti\/","title":{"rendered":"ZNAMENITOSTI"},"content":{"rendered":"<h2>NARAVNE ZNAMENITOSTI:<\/h2>\n<p><strong>Vodotoki<\/strong><br \/>\nMozirnica<br \/>\nTr\u009aki potok-\u0161ajspah,Str\u009enica<br \/>\nIzvira v Dol Suhi.<br \/>\nTrnava<br \/>\nIzvira pod Belo Pe\u010djo &#8211; Golte.<br \/>\nLjubija<br \/>\nIzvira na zahodni strani Sv. Kri\u009ea.<\/p>\n<p><strong>Jezera<\/strong><br \/>\nAkumulacijsko jezero na Golteh.<br \/>\nJezero v Mozirskem Gaju<\/p>\n<p><strong>Hribi in planote<\/strong><br \/>\nVelik del doline pokrivajo gozdovi<\/p>\n<p><strong>Gozdovi in rastlinstvo<\/strong><br \/>\nPrevladujejo bukovi, me\u0161ani, precej pa je tudi iglastih gozdov.<\/p>\n<p><strong>\u017divalstvo na Golteh<\/strong><br \/>\nNajdemo gamsa, svizca, planinske zajce, srnjad, kuno zlatico.<\/p>\n<p><strong>Planota Golte<\/strong><br \/>\nKamenine in rude: Ve\u010dji del sestavljena iz zgornjetriasnega apnenca.<\/p>\n<p><strong>Hidrolo\u0161ki in naravni spomeniki<\/strong><br \/>\nKratek opis: Kanjon Tesna in Divja soteska v Dol Suhi.<\/p>\n<h2>\nKULTURNE ZNAMENITOSTI:<\/h2>\n<p><strong>Arheolo\u0161ka najdi\u0161\u010da<\/strong><br \/>\nKugla &#8211; grob tur\u0161kega vojaka<\/p>\n<p><strong>Zgodovinski objekti<\/strong><br \/>\nKu\u017ena znamenja v Lokah in Ljubiji<br \/>\nVrata na Cesarjevi hi\u0161i v trgu Mozirje<\/p>\n<p><strong>Galerije<\/strong><br \/>\nGalerija Mozirje<br \/>\nSTALNA ZBIRKA MOZIRJE IN MOZIRJANI<\/p>\n<p><strong>Spomeniki<\/strong><br \/>\nPadlim borcem pred staro ob\u010dino in na pokopali\u009a\u010du<br \/>\nSpomenik v Mozirskem Gaju<br \/>\nDoprsna kipa ravnateljema Vajdu in Hriberniku<br \/>\nA\u0161ker\u010dev doprsni kip v Mozirju<br \/>\nVe\u010d spomenikov izven sredi\u0161\u010d Mozirja<\/p>\n<p><strong>Sakralni objekti<\/strong><br \/>\nCerkev sv. Jurija Mozirje<br \/>\nCerkev sv. Roka<br \/>\nKapelica sv. Valentina v Mozirskem gaju<br \/>\nKapelica na Golteh<br \/>\nPodru\u017eni\u010dna cerkev Matere Bo\u017eje<br \/>\nCerkev sv. Nikolaja<br \/>\nPodru\u017eni\u010dna cerkev sv. Radegunde<br \/>\nCerkev sv. Mihaela<br \/>\n\u017dupnijski urad Mozirje<\/p>\n<p><strong>Knji\u017enice<\/strong><br \/>\nKnji\u017enica Mozirje in poslovne enote<\/p>\n<p><strong>Rojstne hi\u0161e znanih osebnost<\/strong><br \/>\nJanez Goli\u010dnik, Vladimir Levstik-\u0160mihel nad Mozirjem<br \/>\nFlorjan Vodovnik, Baltazar, Janez Brlo\u017enik<br \/>\nJo\u017eef Lipold, Janez Lipold, Marko in Ivan Lipold<br \/>\nFranjo Cesar &#8211; Mozirje<\/p>\n<h2>\nIZLETNI\u0160KE TO\u010cKE<\/h2>\n<p><strong>Mozirski Gaj<\/strong><br \/>\nKratek opis: Park cvetja, etnografskih objektov, avtohtone drevesne in grmovne vrste,&#8230;<\/p>\n<p><strong>Mozirska Planina 1300 m<\/strong><br \/>\nKratek opis: Sprehod po markiranih poteh.<\/p>\n<p><strong>Golte &#8211; krajinski park<\/strong><br \/>\nKratek opis: Visoka kra\u0161ka planota, ki le\u017ei 1200 &#8211; 1500 m . Zanimiva za pohodnike, planince, pozimi pa smu\u010darje.<\/p>\n<p><strong>Vrta\u010da Ledenica na Golteh<\/strong><br \/>\nKratek opis: Udorna vrta\u010da je goboka 25 m , sledi ji po\u0161even rov na dnu katerega sta ve\u010dni led in sneg.<\/p>\n<p><strong>Tirske pe\u010di<\/strong><br \/>\nKratek opis: Jugozahodno stran planote Golte kon\u010dujejo strme, preko 100 m visoke apnen\u010daste stene, kjer uspeva zna\u010dilna termofilna flora. V previsnih pe\u010dinah skoraj vsako leto gnezdijo planinski orli.<\/p>\n<p><strong>Soteska Suhe<\/strong><br \/>\nKratek opis: V jugovzhodna pobo\u010dja Golt, v vpadnici Medvednjaka, se zajeda v triasne apnence globoka soteska Suha. Na izhodu se navpi\u010dne stene pribli\u009eajo le na dva metra. Zaradi odmaknjenosti od dnevnega vrve\u009ea je soteska pravi rezervat \u017eivalskega sveta.<\/p>\n<p><strong>Okno v Mozirski Po\u017eganiji<\/strong><br \/>\nKratek opis: Nad markirano potjo Mozirska ko\u010da &#8211; Bela pe\u010d, lahko opazimo naravno okno, katerega obok ima na koncu kot igla ostro skalno konico. Dobri poznavalci ga opazijo tudi iz gondole, ki pelje na Golte.<\/p>\n<p><strong>Izvir Ljubije<\/strong><br \/>\nKratek opis: To je mo\u010dan kra\u0161ki izvir v divji soteski med planoto Golt in Brlo\u0161kim vrhom. Tudi ob najve\u010djih su\u0161ah ima izdatnost preko 60 l\/s.V tem izviru se zbira voda s severovzhodnega dela planote Golt.<\/p>\n","protected":false},"excerpt":{"rendered":"<p>NARAVNE ZNAMENITOSTI: Vodotoki Mozirnica Tr\u009aki potok-\u0161ajspah,Str\u009enica Izvira v Dol Suhi. Trnava Izvira pod Belo Pe\u010djo &#8211; Golte. Ljubija Izvira na zahodni strani Sv. Kri\u009ea. Jezera Akumulacijsko jezero na Golteh. Jezero v Mozirskem Gaju Hribi in planote Velik del doline pokrivajo gozdovi Gozdovi in rastlinstvo Prevladujejo bukovi, me\u0161ani, precej pa je tudi iglastih gozdov. \u017divalstvo na [&hellip;]<\/p>\n","protected":false},"author":1,"featured_media":0,"parent":2,"menu_order":4,"comment_status":"open","ping_status":"open","template":"","meta":{"footnotes":""},"class_list":["post-167","page","type-page","status-publish","hentry"],"aioseo_notices":[],"_links":{"self":[{"href":"https:\/\/mozirje.info\/mozirje\/wp-json\/wp\/v2\/pages\/167","targetHints":{"allow":["GET"]}}],"collection":[{"href":"https:\/\/mozirje.info\/mozirje\/wp-json\/wp\/v2\/pages"}],"about":[{"href":"https:\/\/mozirje.info\/mozirje\/wp-json\/wp\/v2\/types\/page"}],"author":[{"embeddable":true,"href":"https:\/\/mozirje.info\/mozirje\/wp-json\/wp\/v2\/users\/1"}],"replies":[{"embeddable":true,"href":"https:\/\/mozirje.info\/mozirje\/wp-json\/wp\/v2\/comments?post=167"}],"version-history":[{"count":3,"href":"https:\/\/mozirje.info\/mozirje\/wp-json\/wp\/v2\/pages\/167\/revisions"}],"predecessor-version":[{"id":320,"href":"https:\/\/mozirje.info\/mozirje\/wp-json\/wp\/v2\/pages\/167\/revisions\/320"}],"up":[{"embeddable":true,"href":"https:\/\/mozirje.info\/mozirje\/wp-json\/wp\/v2\/pages\/2"}],"wp:attachment":[{"href":"https:\/\/mozirje.info\/mozirje\/wp-json\/wp\/v2\/media?parent=167"}],"curies":[{"name":"wp","href":"https:\/\/api.w.org\/{rel}","templated":true}]}}