{"id":326,"date":"2013-07-24T23:14:28","date_gmt":"2013-07-24T21:14:28","guid":{"rendered":"http:\/\/mozirje.info\/mozirje\/?page_id=326"},"modified":"2021-11-05T18:36:26","modified_gmt":"2021-11-05T17:36:26","slug":"pogoji-uporabe","status":"publish","type":"page","link":"https:\/\/mozirje.info\/mozirje\/kontakt\/pogoji-uporabe\/","title":{"rendered":"POGOJI UPORABE"},"content":{"rendered":"<h2>POGOJI IN DRUGE INFORMACIJE<\/h2>\n<p>Portal MOZIRJE.INFO je v celoti v administrativni in avtorski lasti Zavoda PROMEDIAMIX.<br \/>\nVse vsebine na portalu so dostopne vsem oz. nekatere registriranim uporabnikom portala.<br \/>\nVse vsebine, ki jih najdete na portalu, so izklju\u010dno avtorsko delo, ali pridobljene z dovoljenjem avtorjev ali pridobljene iz zastonjskih virov medmre\u017eja.<br \/>\nVse vsebine se lahko prosto prena\u0161ajo med uporabniki, razen vsebin, ki so namenjene komercialnem podro\u010dju in so izklju\u010dno avtorsko delo. ( potrjene z zakonom o avtorskih pravicah! ).<br \/>\nZa vse ostale informacije, smo vam dosegljivi na elektronskem naslovu:<br \/>\ninfo@mozirje.info ali na GSM \u0161tevilki 070 833 228.<\/p>\n<h2>Webmaster<\/h2>\n<p>Pozivam vse \u010dlane in obiskovalce portala MOZIRJE.INFO, da sporo\u010dijo spregledane napake v tekstu ali vsako morebitno nedelujo\u010do povezavo na elektronsko po\u0161to: info@mozirje.info<br \/>\nPrav tako lahko vsa vpra\u0161anja ali druge informacije, ki bi jih \u017eeleli, naslovite preko istega elektronskega naslova.<br \/>\nZa vsa javljanja napak na portalu se vam v naprej zahvaljujem!<\/p>\n<p>Webmaster<\/p>\n","protected":false},"excerpt":{"rendered":"<p>POGOJI IN DRUGE INFORMACIJE Portal MOZIRJE.INFO je v celoti v administrativni in avtorski lasti Zavoda PROMEDIAMIX. Vse vsebine na portalu so dostopne vsem oz. nekatere registriranim uporabnikom portala. Vse vsebine, ki jih najdete na portalu, so izklju\u010dno avtorsko delo, ali pridobljene z dovoljenjem avtorjev ali pridobljene iz zastonjskih virov medmre\u017eja. Vse vsebine se lahko prosto [&hellip;]<\/p>\n","protected":false},"author":1,"featured_media":0,"parent":16,"menu_order":0,"comment_status":"open","ping_status":"open","template":"","meta":{"footnotes":""},"class_list":["post-326","page","type-page","status-publish","hentry"],"aioseo_notices":[],"_links":{"self":[{"href":"https:\/\/mozirje.info\/mozirje\/wp-json\/wp\/v2\/pages\/326","targetHints":{"allow":["GET"]}}],"collection":[{"href":"https:\/\/mozirje.info\/mozirje\/wp-json\/wp\/v2\/pages"}],"about":[{"href":"https:\/\/mozirje.info\/mozirje\/wp-json\/wp\/v2\/types\/page"}],"author":[{"embeddable":true,"href":"https:\/\/mozirje.info\/mozirje\/wp-json\/wp\/v2\/users\/1"}],"replies":[{"embeddable":true,"href":"https:\/\/mozirje.info\/mozirje\/wp-json\/wp\/v2\/comments?post=326"}],"version-history":[{"count":2,"href":"https:\/\/mozirje.info\/mozirje\/wp-json\/wp\/v2\/pages\/326\/revisions"}],"predecessor-version":[{"id":2647,"href":"https:\/\/mozirje.info\/mozirje\/wp-json\/wp\/v2\/pages\/326\/revisions\/2647"}],"up":[{"embeddable":true,"href":"https:\/\/mozirje.info\/mozirje\/wp-json\/wp\/v2\/pages\/16"}],"wp:attachment":[{"href":"https:\/\/mozirje.info\/mozirje\/wp-json\/wp\/v2\/media?parent=326"}],"curies":[{"name":"wp","href":"https:\/\/api.w.org\/{rel}","templated":true}]}}